{"id":2,"date":"2015-09-16T04:24:25","date_gmt":"2015-09-16T04:24:25","guid":{"rendered":"http:\/\/wp431m.a10-52-158-154.qa.plesk.ru\/wordpress\/?page_id=2"},"modified":"2024-08-05T14:31:53","modified_gmt":"2024-08-05T14:31:53","slug":"sample-page","status":"publish","type":"page","link":"https:\/\/frauenhaft-foerderverein.com\/","title":{"rendered":"<i>frauen<\/i>HAFT F\u00f6rderverein"},"content":{"rendered":"<h2 class=\"p1\"><span class=\"s1\">Wir bringen kreative Freiheit in eine verschlossene Welt<\/span><\/h2>\n<p class=\"p2\"><span class=\"s1\">Der Verein <i>frauen<\/i>HAFT e.V. unterst\u00fctzt den Resozialisierungsauftrag an inhaftierten M\u00e4dchen und Frauen der JVA Aichach mit einem<span class=\"Apple-converted-space\">\u00a0<\/span>breiten kunstp\u00e4dagogischen und pers\u00f6nlichkeitsf\u00f6rdernden Angebot wie\u00a0<\/span><\/p>\n<ul>\n<li>\n<p class=\"p1\"><span class=\"s1\">Kunstgruppen<\/span><\/p>\n<\/li>\n<li>\n<p class=\"p1\"><span class=\"s1\">Musikworkshops<\/span><\/p>\n<\/li>\n<li>\n<p class=\"p1\"><span class=\"s1\">Kreatives Schreiben<span class=\"Apple-converted-space\">\u00a0 <\/span><\/span><\/p>\n<\/li>\n<li>\n<p class=\"p1\"><span class=\"s1\">Gesangs- und Tanzgruppen <span class=\"Apple-converted-space\">\u00a0<\/span><\/span><\/p>\n<\/li>\n<\/ul>\n<p><a href=\"https:\/\/frauenhaft-foerderverein.com\/?page_id=494\">MEHR<\/a><\/p>\n<h5><span style=\"color: #fdc600;\"><strong>+++ Der Verein <em>frauen<\/em>HAFT e.V. wurde mit dem Kulturf\u00f6rderpreis 2019 der Stadt Aichach geehrt und hat au\u00dferdem von startsocial e.V. ein Beratungsstipendium gewonnen +++\u00a0<\/strong><\/span><\/h5>\n<p><img loading=\"lazy\" decoding=\"async\" class=\"aligncenter wp-image-688 size-full\" src=\"https:\/\/frauenhaft-foerderverein.com\/wp-content\/uploads\/2024\/08\/startseite-galerie-1.png\" alt=\"\" width=\"1074\" height=\"333\" srcset=\"https:\/\/frauenhaft-foerderverein.com\/wp-content\/uploads\/2024\/08\/startseite-galerie-1.png 1074w, https:\/\/frauenhaft-foerderverein.com\/wp-content\/uploads\/2024\/08\/startseite-galerie-1-300x93.png 300w, https:\/\/frauenhaft-foerderverein.com\/wp-content\/uploads\/2024\/08\/startseite-galerie-1-1024x317.png 1024w, https:\/\/frauenhaft-foerderverein.com\/wp-content\/uploads\/2024\/08\/startseite-galerie-1-768x238.png 768w, https:\/\/frauenhaft-foerderverein.com\/wp-content\/uploads\/2024\/08\/startseite-galerie-1-600x186.png 600w, https:\/\/frauenhaft-foerderverein.com\/wp-content\/uploads\/2024\/08\/startseite-galerie-1-945x293.png 945w\" sizes=\"auto, (max-width: 1074px) 100vw, 1074px\" \/><\/p>\n","protected":false},"excerpt":{"rendered":"<p>Wir bringen kreative Freiheit in eine verschlossene Welt Der Verein frauenHAFT e.V. unterst\u00fctzt den Resozialisierungsauftrag an inhaftierten M\u00e4dchen und Frauen der JVA Aichach mit einem\u00a0breiten kunstp\u00e4dagogischen und pers\u00f6nlichkeitsf\u00f6rdernden Angebot wie\u00a0 Kunstgruppen Musikworkshops Kreatives Schreiben\u00a0 Gesangs- und Tanzgruppen \u00a0 MEHR +++&#8230; <a class=\"more-link\" href=\"https:\/\/frauenhaft-foerderverein.com\/\">Weiterlesen &rarr;<\/a><\/p>\n","protected":false},"author":1,"featured_media":0,"parent":0,"menu_order":0,"comment_status":"closed","ping_status":"open","template":"template-fullwidth.php","meta":{"footnotes":""},"class_list":["post-2","page","type-page","status-publish","hentry"],"_links":{"self":[{"href":"https:\/\/frauenhaft-foerderverein.com\/index.php?rest_route=\/wp\/v2\/pages\/2","targetHints":{"allow":["GET"]}}],"collection":[{"href":"https:\/\/frauenhaft-foerderverein.com\/index.php?rest_route=\/wp\/v2\/pages"}],"about":[{"href":"https:\/\/frauenhaft-foerderverein.com\/index.php?rest_route=\/wp\/v2\/types\/page"}],"author":[{"embeddable":true,"href":"https:\/\/frauenhaft-foerderverein.com\/index.php?rest_route=\/wp\/v2\/users\/1"}],"replies":[{"embeddable":true,"href":"https:\/\/frauenhaft-foerderverein.com\/index.php?rest_route=%2Fwp%2Fv2%2Fcomments&post=2"}],"version-history":[{"count":31,"href":"https:\/\/frauenhaft-foerderverein.com\/index.php?rest_route=\/wp\/v2\/pages\/2\/revisions"}],"predecessor-version":[{"id":689,"href":"https:\/\/frauenhaft-foerderverein.com\/index.php?rest_route=\/wp\/v2\/pages\/2\/revisions\/689"}],"wp:attachment":[{"href":"https:\/\/frauenhaft-foerderverein.com\/index.php?rest_route=%2Fwp%2Fv2%2Fmedia&parent=2"}],"curies":[{"name":"wp","href":"https:\/\/api.w.org\/{rel}","templated":true}]}}

<i>frauen</i>HAFT Förderverein

<h2 class="p1"><span class="s1">Wir bringen kreative Freiheit in eine verschlossene Welt</span></h2>
<p class="p2"><span class="s1">Der Verein <i>frauen</i>HAFT e.V. unterstützt den Resozialisierungsauftrag an inhaftierten Mädchen und Frauen der JVA Aichach mit einem<span class="Apple-converted-space"> </span>breiten kunstpädagogischen und persönlichkeitsfördernden Angebot wie </span></p>
<ul>
<li>
<p class="p1"><span class="s1">Kunstgruppen</span></p>
</li>
<li>
<p class="p1"><span class="s1">Musikworkshops</span></p>
</li>
<li>
<p class="p1"><span class="s1">Kreatives Schreiben<span class="Apple-converted-space">  </span></span></p>
</li>
<li>
<p class="p1"><span class="s1">Gesangs- und Tanzgruppen <span class="Apple-converted-space"> </span></span></p>
</li>
</ul>
<p><a href="https://frauenhaft-foerderverein.com/?page_id=494">MEHR</a></p>
<h5><span style="color: #fdc600;"><strong>+++ Der Verein <em>frauen</em>HAFT e.V. wurde mit dem Kulturförderpreis 2019 der Stadt Aichach geehrt und hat außerdem von startsocial e.V. ein Beratungsstipendium gewonnen +++ </strong></span></h5>
<p><img loading="lazy" decoding="async" class="aligncenter wp-image-688 size-full" src="https://frauenhaft-foerderverein.com/wp-content/uploads/2024/08/startseite-galerie-1.png" alt="" width="1074" height="333" srcset="https://frauenhaft-foerderverein.com/wp-content/uploads/2024/08/startseite-galerie-1.png 1074w, https://frauenhaft-foerderverein.com/wp-content/uploads/2024/08/startseite-galerie-1-300x93.png 300w, https://frauenhaft-foerderverein.com/wp-content/uploads/2024/08/startseite-galerie-1-1024x317.png 1024w, https://frauenhaft-foerderverein.com/wp-content/uploads/2024/08/startseite-galerie-1-768x238.png 768w, https://frauenhaft-foerderverein.com/wp-content/uploads/2024/08/startseite-galerie-1-600x186.png 600w, https://frauenhaft-foerderverein.com/wp-content/uploads/2024/08/startseite-galerie-1-945x293.png 945w" sizes="auto, (max-width: 1074px) 100vw, 1074px" /></p>

<p>Wir bringen kreative Freiheit in eine verschlossene Welt Der Verein frauenHAFT e.V. unterstützt den Resozialisierungsauftrag an inhaftierten Mädchen und Frauen der JVA Aichach mit einem breiten kunstpädagogischen und persönlichkeitsfördernden Angebot wie  Kunstgruppen Musikworkshops Kreatives Schreiben  Gesangs- und Tanzgruppen   MEHR +++&#8230; <a class="more-link" href="https://frauenhaft-foerderverein.com/">Weiterlesen &rarr;</a></p>
